- 6 = 0. What is the units digit of (4/j)/(a/(-6))?
2
Let s be (-14)/(-21)*150/4. Let r be (-20)/6*90/s. Let g(u) = -2*u + 26. What is the tens digit of g(r)?
5
Let c(i) = -i + 58. Let t be c(0). Let z be (4 - -25)/(-1) - 3. Let x = t + z. What is the units digit of x?
6
Suppose 3*v = -212 + 80. Let s = 7 - v. What is the units digit of s?
1
Let v(s) = s**3 - s + 32. Let g(z) = z**2 + 4*z - 5. Let h be g(-5). Suppose h = 2*a - 0*a. What is the units digit of v(a)?
2
Suppose 2*f + o + 204 = 1287, -2700 = -5*f + 5*o. What is the hundreds digit of f?
5
Suppose 2 = -2*c - 2*x + 12, 2*c + 3*x = 9. Let z(p) = 12*p - 10. What is the units digit of z(c)?
2
Suppose -d + 4 - 13 = -2*b, 17 = -4*b - 5*d. Let z be b/(-3) - 51/(-9). Suppose -3*n = z*r - 312, -4*r - 3*n + 4*n = -236. What is the tens digit of r?
6
Let h(p) = 2 + 6*p - 3*p + 25. What is the tens digit of h(0)?
2
Suppose -6*r = -7*r. Let g(a) = a**2 + 44. What is the units digit of g(r)?
4
Let s(v) = -5*v - 6. Let p(r) = r**2 + 8*r + 3. Let j be p(-6). What is the units digit of s(j)?
9
Suppose 6*u - 520 = 146. Let z = u + -72. What is the units digit of z?
9
Let r(p) = 112*p**2 - 2. Let g(z) = -112*z**2 - z + 1. Let b(h) = -5*g(h) - 4*r(h). What is the units digit of b(-1)?
0
Let v = 648 - 225. What is the hundreds digit of v?
4
Let p = -18 - -23. Suppose 0 = 6*u - p*u - 105. Suppose -4*l = 3*a - 26 - u, -2*l = -2*a + 106. What is the tens digit of a?
4
Let x be (-1 + -2 - 3)*-1. Let g = x + -3. Suppose -5*w = 25, 2*h - g*w - 87 = -h. What is the units digit of h?
4
Let c(y) = 3 + 0 + 0 + 13*y + 5. What is the tens digit of c(4)?
6
Suppose 23*v = 24*v - 56. Suppose 0 = -6*d + d + 525. Let k = d - v. What is the tens digit of k?
4
Let u = 85 + -167. Suppose -5*l - a - 219 + 12 = 0, 2*l - 2*a + 90 = 0. Let b = l - u. What is the units digit of b?
0
Suppose -4*b = 5*f - 23, -9 - 8 = -3*f - 4*b. Let v = f - -67. Let r = v + -38. What is the units digit of r?
2
Let i be (-3*(-2 + 32/(-12)))/2. Let z(j) = 3*j**2 + 5*j - 4. What is the units digit of z(i)?
8
Suppose -4*n - 9*n = -19136. What is the thousands digit of n?
1
Let l = 3 - 1. Suppose -l*z + 112 = -4*u, 4*z - 301 + 67 = 3*u. What is the units digit of z?
0
What is the tens digit of 2424/4 - (11 + -6)?
0
Suppose 0 = 6*q - 8*q, -q - 8 = -z. Suppose 139 = z*h - 7*h. What is the tens digit of h?
3
Suppose i - 1102 = 9*u - 4*u, 3*u = -5*i + 5622. What is the units digit of i?
2
Suppose k - 2625 = -4*k. Suppose -135 = 10*j - k. What is the units digit of j?
9
Suppose 0 = 3*u - 5*u - 4*j + 40, 5*u - j = 133. Let n = 24 + u. What is the tens digit of n?
5
Let v(t) = 18*t - 114. What is the units digit of v(30)?
6
Let b(a) = 231*a - 350. What is the tens digit of b(3)?
4
Suppose -7*o + 5*y = -3*o - 1573, -5*o + 1920 = 3*y. What is the hundreds digit of o?
3
Let d(y) = 227*y**2 - 35*y - 73. What is the hundreds digit of d(-2)?
9
Let k(m) = -9*m**2 + 3*m - 4. Let j be k(1). Let r(i) = 2*i**2 + 17*i + 23. What is the units digit of r(j)?
3
Let m = -15 + 19. Suppose 5*g - 625 = -5*j, -5*j + 443 = m*g - 181. Let r = -75 + j. What is the units digit of r?
9
Let u = -532 + 590. What is the tens digit of u?
5
Suppose 0*z = -9*z + 6516. What is the hundreds digit of z?
7
Suppose -2*o + 4*j + 12 = 0, 6*o - 2*o + 2*j = 24. What is the units digit of 5/(o/42*(-1)/(-2))?
0
Let u = -13 + 15. Let q(s) = -6*s**2 + 5*s + s**3 + 2 - 2*s**3 - s + 4*s**u. What is the units digit of q(-4)?
8
Let c(k) = -45*k**3 + 8*k**2 + 8*k + 1. Let p(h) = -90*h**3 + 15*h**2 + 15*h + 2. Let m(f) = -11*c(f) + 6*p(f). What is the tens digit of m(-1)?
4
Let a(y) = -y**3 - 3*y**2 - y - 2. Let m be a(-3). Suppose 3 = 2*j - m. Suppose -3*r + 5*z + 28 = 0, j*r - 44 = -r + z. What is the tens digit of r?
1
Let j(a) = 91*a + 45. Let l be j(5). Suppose 7*z - 998 - l = 0. What is the tens digit of z?
1
Let l(q) = -q + 2. Let w be l(0). Suppose -w*i + 3*d = 0, -2*i + 3*d + 16 = 4*d. What is the units digit of i?
6
Let v = -7847 - -11107. What is the tens digit of v?
6
Let w be (-1)/(-5*(-2)/90). What is the units digit of (w/12)/((-3)/348)?
7
Suppose -40 - 12 = -13*k. Let x(l) = 4*l + 17. What is the tens digit of x(k)?
3
Suppose -2*n = 2*g - 96, n = 5*g + 5*n - 236. Suppose 0 = -43*f + g*f - 62. What is the units digit of f?
2
Suppose 5*l - 10691 = -4*u, -15*u + 5*l = -14*u - 2654. What is the thousands digit of u?
2
Let k = -2783 - -5746. What is the thousands digit of k?
2
Let z(b) = -2*b - b**3 + 10 + 2*b**3 - 12 + 6*b**2. Let g be z(-6). What is the units digit of g*-1*64/(-20)?
2
Let z be (2 + (-2)/6)*24. Suppose 2*i + 2*i - z = 0. What is the units digit of i/(-35) - (-58)/7?
8
Let f(q) = -q**3 + 7*q**2 - 7*q - 4. Let h be f(5). Suppose 0 = h*r - 6*r + 90. What is the tens digit of 18/(-15)*300/r?
2
Suppose 9*l + v - 749 = 4*l, 3*l + v = 449. Let y = 2 - -1. Suppose 0 = 3*h + y*h - l. What is the tens digit of h?
2
Let n be (-6)/(-8) - 30/(-24). Suppose n*y = 10*y - 24. What is the units digit of y?
3
Let z(r) be the first derivative of 9/2*r**2 - 6*r + 4 + 13/3*r**3 + 1/4*r**4. What is the units digit of z(-12)?
0
Suppose 5*a = 2*d - 95, a - 6*a = -5*d + 260. Suppose -2*v = -d - 59. What is the tens digit of v?
5
Let s = 9 + -4. Let u be 0/s - (-2 + 0). Suppose 27 = 3*t - u*t. What is the units digit of t?
7
Suppose 128*s - 125*s - 651 = 0. What is the hundreds digit of s?
2
Let q be (-6)/(-33) - 860/11. Let s = -9 - q. What is the tens digit of s?
6
Suppose -x + 408 = -5*u, 2*u - 1698 = -3*x - x. What is the units digit of x?
3
Suppose 14 = 3*h + 4*d, 0 = 3*d - 5*d + 10. What is the units digit of ((-58)/6)/((-5)/(-210)*h)?
3
What is the tens digit of ((-144)/27)/(-1 - 2282/(-2286))?
4
Suppose p = 2*p - 117. Suppose -p = -5*n + 2*n. Let j = -18 + n. What is the tens digit of j?
2
Let m = 185 - 117. Let h = m + -15. What is the units digit of h?
3
What is the units digit of 26*((-84)/(-72))/((-1)/(-9))?
3
Let m(z) = 12*z**2 - 88*z - 4. What is the hundreds digit of m(13)?
8
Let l(v) = 28*v**3 - 10*v**2 + 25*v - 12. What is the thousands digit of l(5)?
3
Suppose 19*a - 16040 - 7273 = 0. What is the thousands digit of a?
1
Suppose m + 2 = -p + 6, 0 = m - p + 4. Let f = m - -79. Let n = f - 51. What is the tens digit of n?
2
Let m(u) = 15*u + 10. Let n be m(4). Suppose 2*s = 3*s + 13. Let h = n + s. What is the units digit of h?
7
Let z(m) = 107*m + 1. Let q(s) = -322*s - 4. Let l(w) = 3*q(w) + 10*z(w). What is the units digit of l(1)?
2
Let b(x) = -x**3 + 12*x**2 + 16*x + 17. Let j be 3 + 14/(-2) + 17. What is the units digit of b(j)?
6
Suppose 0 = 4*b + 74 - 18. Let a = 7 + -3. What is the units digit of a*(-9)/42*b?
2
Suppose -d - 4 = 0, y + 44*d - 104 = 46*d. What is the units digit of y?
6
Let h(w) = 3*w - 4. Let v be (-3)/3*6/(-2). Let l be h(v). Suppose i = -l*q + 4*i + 17, 16 = 4*q - 3*i. What is the units digit of q?
1
Let m be -2 + 1 + (-8)/(-4) + 9. What is the tens digit of ((-55)/m + 2)*-74?
5
Suppose 2*v + 5580 = 5*v + 3*z, 0 = -2*v - z + 3720. What is the hundreds digit of v?
8
Let z(n) be the second derivative of -n**4/12 + n**3/2 + 7*n**2/2 - 4*n. Let r be z(5). What is the tens digit of -5*4/(4/r)?
1
Suppose 0 = 3*r - 632 - 943. Suppose -173 + r = 4*k. What is the units digit of k?
8
Suppose 5*p - 3*v - 137 = 0, 3*v - 59 = -2*p - 0*v. What is the tens digit of p/(-21) - 552/(-9)?
6
Let y = -17 + 21. Suppose -r = y*g - 17, 3*r - 7 = 4*r - 4*g. What is the units digit of r?
5
Suppose 0 = -10*h + 19*h + 990. Let v = h - -186. What is the units digit of v?
6
Let c = 7 + -3. Suppose 8 = c*v - 0. Suppose 2*d + v*d - 100 = g, 0 = -2*g. What is the tens digit of d?
2
Let b(x) = -8*x**3 + 11*x**2 - 6*x - 16. Let i(s) = -7*s**3 + 11*s**2 - 6*s - 15. Let u(d) = 6*b(d) - 7*i(d). What is the tens digit of u(11)?
7
Let x(t) = 10*t**2 + 30*t + 163. What is the tens digit of x(-5)?
6
Let p(o) = 4*o**2 - 11*o + 69. What is the tens digit of p(4)?
8
Suppose 12*a = 3*f + 9*a - 7128, 4758 = 2*f + 4*a. What is the hundreds digit of f?
3
Suppose -114*q - 200 = -119*q. What is the tens digit of q?
4
Let g = 9 + -16. What is the units digit of (g/2 - -4)*2?
1
Let f = -63 - -21. What is the units digit of (f/4)/(24/(-224))?
8
Suppose 2*y = 3*r - 10, 4*r - 3*r + 2*y = -2. Suppose 47 = r*d - 11